{"id":889,"date":"2017-12-28T17:18:30","date_gmt":"2017-12-28T17:18:30","guid":{"rendered":"http:\/\/kiv-bitburg.de\/?page_id=889"},"modified":"2018-05-04T16:49:28","modified_gmt":"2018-05-04T16:49:28","slug":"kiv-bitburg-ist-einer-von-19-preistraegern","status":"publish","type":"page","link":"https:\/\/kiv-bitburg.de\/?page_id=889","title":{"rendered":"KIV Bitburg ist einer von 19 Preistr\u00e4gern"},"content":{"rendered":"<p>Der <strong>KIV Bitburg<\/strong> ist einer der insgesamt 19 Preistr\u00e4ger, die am 6. Dezember 2017 im Hotel Eifelbr\u00e4u in Bitburg ausgezeichnet wurden.<\/p>\n<p>In den Verbandsgemeinden Bitburger Land, S\u00fcdeifel und Speicher geht der <strong>innogy Klimaschutzpreis 2017<\/strong> an insgesamt neunzehn Preistr\u00e4ger. Dr. Joachim Streit, Landrat des Eifelkreises Bitburg-Pr\u00fcm, \u00fcberreichte in Bitburg gemeinsam mit dem Leiter der Region Trier von innogy Michael Arens die Urkunden an die Gewinner. Insgesamt vergibt innogy beim Klimaschutzpreis Preisgelder in H\u00f6he von 9.500 Euro im s\u00fcdlichen Eifelkreis. Die Palette der pr\u00e4mierten Projekte reichte von Dreck-Weg-Tagen im Gemeindegebiet \u00fcber die energetische Sanierung eines Vereinsheimes bis hin zur Pflege von Gr\u00fcnfl\u00e4chen. Mit dem Preis zeichnet der Eifelkreis gemeinsam mit innogy das Engagement zur F\u00f6rderung von Umwelt und Natur aus.<\/p>\n<p>Das Preisgeld von jeweils 500 Euro kommt dabei der Weiterf\u00fchrung des Projektes zugute. &#8222;Dass Klimaschutz direkt vor unserer Haust\u00fcr beginnt und auch funktioniert, haben die Preistr\u00e4ger bewiesen.&#8220;<\/p>\n<p><strong>Der Kreisimkerverband Bitburg erhielt den Preis f\u00fcr das Anlegen von Blumenwiesen f\u00fcr Bienen, Hummeln, Wildbienen und Schmetterlinge!<\/strong><\/p>\n<figure id=\"attachment_893\" aria-describedby=\"caption-attachment-893\" style=\"width: 300px\" class=\"wp-caption alignnone\"><a href=\"http:\/\/kiv-bitburg.de\/wp-content\/uploads\/2017\/12\/klimaschutz.jpg\"><img loading=\"lazy\" decoding=\"async\" class=\"wp-image-893 size-medium\" src=\"http:\/\/kiv-bitburg.de\/wp-content\/uploads\/2017\/12\/klimaschutz-300x200.jpg\" alt=\"\" width=\"300\" height=\"200\" srcset=\"https:\/\/kiv-bitburg.de\/wp-content\/uploads\/2017\/12\/klimaschutz-300x200.jpg 300w, https:\/\/kiv-bitburg.de\/wp-content\/uploads\/2017\/12\/klimaschutz-768x512.jpg 768w, https:\/\/kiv-bitburg.de\/wp-content\/uploads\/2017\/12\/klimaschutz.jpg 1024w, https:\/\/kiv-bitburg.de\/wp-content\/uploads\/2017\/12\/klimaschutz-400x267.jpg 400w\" sizes=\"auto, (max-width: 300px) 100vw, 300px\" \/><\/a><figcaption id=\"caption-attachment-893\" class=\"wp-caption-text\">Auf dem Bild von links nach rechts: Landrat Dr. Joachim Streit, Nicole Nicholson KIV-Bitburg, Michael Arens Innogy und Ergard Hirschberg Stadtb\u00fcrgermeister der Stadt Speicher (Foto: innogy SE)<\/figcaption><\/figure>\n<div class=\"pvc_clear\"><\/div>\n<p id=\"pvc_stats_889\" class=\"pvc_stats all  \" data-element-id=\"889\" style=\"\"><i class=\"pvc-stats-icon medium\" aria-hidden=\"true\"><svg aria-hidden=\"true\" focusable=\"false\" data-prefix=\"far\" data-icon=\"chart-bar\" role=\"img\" xmlns=\"http:\/\/www.w3.org\/2000\/svg\" viewBox=\"0 0 512 512\" class=\"svg-inline--fa fa-chart-bar fa-w-16 fa-2x\"><path fill=\"currentColor\" d=\"M396.8 352h22.4c6.4 0 12.8-6.4 12.8-12.8V108.8c0-6.4-6.4-12.8-12.8-12.8h-22.4c-6.4 0-12.8 6.4-12.8 12.8v230.4c0 6.4 6.4 12.8 12.8 12.8zm-192 0h22.4c6.4 0 12.8-6.4 12.8-12.8V140.8c0-6.4-6.4-12.8-12.8-12.8h-22.4c-6.4 0-12.8 6.4-12.8 12.8v198.4c0 6.4 6.4 12.8 12.8 12.8zm96 0h22.4c6.4 0 12.8-6.4 12.8-12.8V204.8c0-6.4-6.4-12.8-12.8-12.8h-22.4c-6.4 0-12.8 6.4-12.8 12.8v134.4c0 6.4 6.4 12.8 12.8 12.8zM496 400H48V80c0-8.84-7.16-16-16-16H16C7.16 64 0 71.16 0 80v336c0 17.67 14.33 32 32 32h464c8.84 0 16-7.16 16-16v-16c0-8.84-7.16-16-16-16zm-387.2-48h22.4c6.4 0 12.8-6.4 12.8-12.8v-70.4c0-6.4-6.4-12.8-12.8-12.8h-22.4c-6.4 0-12.8 6.4-12.8 12.8v70.4c0 6.4 6.4 12.8 12.8 12.8z\" class=\"\"><\/path><\/svg><\/i> <img loading=\"lazy\" decoding=\"async\" width=\"16\" height=\"16\" alt=\"Loading\" src=\"https:\/\/kiv-bitburg.de\/wp-content\/plugins\/page-views-count\/ajax-loader-2x.gif\" border=0 \/><\/p>\n<div class=\"pvc_clear\"><\/div>\n ","protected":false},"excerpt":{"rendered":"<p>Der KIV Bitburg ist einer der insgesamt 19 Preistr\u00e4ger, die am 6. Dezember 2017 im Hotel Eifelbr\u00e4u in Bitburg ausgezeichnet wurden. In den Verbandsgemeinden Bitburger Land, S\u00fcdeifel und Speicher geht der innogy Klimaschutzpreis 2017 an insgesamt neunzehn Preistr\u00e4ger. Dr. Joachim Streit, Landrat des Eifelkreises Bitburg-Pr\u00fcm, \u00fcberreichte in Bitburg gemeinsam mit dem Leiter der Region Trier [&hellip;]<\/p>\n<div class=\"pvc_clear\"><\/div>\n<p id=\"pvc_stats_889\" class=\"pvc_stats all  \" data-element-id=\"889\" style=\"\"><i class=\"pvc-stats-icon medium\" aria-hidden=\"true\"><svg aria-hidden=\"true\" focusable=\"false\" data-prefix=\"far\" data-icon=\"chart-bar\" role=\"img\" xmlns=\"http:\/\/www.w3.org\/2000\/svg\" viewBox=\"0 0 512 512\" class=\"svg-inline--fa fa-chart-bar fa-w-16 fa-2x\"><path fill=\"currentColor\" d=\"M396.8 352h22.4c6.4 0 12.8-6.4 12.8-12.8V108.8c0-6.4-6.4-12.8-12.8-12.8h-22.4c-6.4 0-12.8 6.4-12.8 12.8v230.4c0 6.4 6.4 12.8 12.8 12.8zm-192 0h22.4c6.4 0 12.8-6.4 12.8-12.8V140.8c0-6.4-6.4-12.8-12.8-12.8h-22.4c-6.4 0-12.8 6.4-12.8 12.8v198.4c0 6.4 6.4 12.8 12.8 12.8zm96 0h22.4c6.4 0 12.8-6.4 12.8-12.8V204.8c0-6.4-6.4-12.8-12.8-12.8h-22.4c-6.4 0-12.8 6.4-12.8 12.8v134.4c0 6.4 6.4 12.8 12.8 12.8zM496 400H48V80c0-8.84-7.16-16-16-16H16C7.16 64 0 71.16 0 80v336c0 17.67 14.33 32 32 32h464c8.84 0 16-7.16 16-16v-16c0-8.84-7.16-16-16-16zm-387.2-48h22.4c6.4 0 12.8-6.4 12.8-12.8v-70.4c0-6.4-6.4-12.8-12.8-12.8h-22.4c-6.4 0-12.8 6.4-12.8 12.8v70.4c0 6.4 6.4 12.8 12.8 12.8z\" class=\"\"><\/path><\/svg><\/i> <img loading=\"lazy\" decoding=\"async\" width=\"16\" height=\"16\" alt=\"Loading\" src=\"https:\/\/kiv-bitburg.de\/wp-content\/plugins\/page-views-count\/ajax-loader-2x.gif\" border=0 \/><\/p>\n<div class=\"pvc_clear\"><\/div>\n","protected":false},"author":1,"featured_media":560,"parent":59,"menu_order":4,"comment_status":"closed","ping_status":"closed","template":"","meta":{"footnotes":""},"class_list":["post-889","page","type-page","status-publish","has-post-thumbnail","hentry"],"publishpress_future_action":{"enabled":false,"date":"2026-04-24 08:00:30","action":"change-status","newStatus":"draft","terms":[],"taxonomy":"","extraData":[]},"publishpress_future_workflow_manual_trigger":{"enabledWorkflows":[]},"_links":{"self":[{"href":"https:\/\/kiv-bitburg.de\/index.php?rest_route=\/wp\/v2\/pages\/889","targetHints":{"allow":["GET"]}}],"collection":[{"href":"https:\/\/kiv-bitburg.de\/index.php?rest_route=\/wp\/v2\/pages"}],"about":[{"href":"https:\/\/kiv-bitburg.de\/index.php?rest_route=\/wp\/v2\/types\/page"}],"author":[{"embeddable":true,"href":"https:\/\/kiv-bitburg.de\/index.php?rest_route=\/wp\/v2\/users\/1"}],"replies":[{"embeddable":true,"href":"https:\/\/kiv-bitburg.de\/index.php?rest_route=%2Fwp%2Fv2%2Fcomments&post=889"}],"version-history":[{"count":10,"href":"https:\/\/kiv-bitburg.de\/index.php?rest_route=\/wp\/v2\/pages\/889\/revisions"}],"predecessor-version":[{"id":901,"href":"https:\/\/kiv-bitburg.de\/index.php?rest_route=\/wp\/v2\/pages\/889\/revisions\/901"}],"up":[{"embeddable":true,"href":"https:\/\/kiv-bitburg.de\/index.php?rest_route=\/wp\/v2\/pages\/59"}],"wp:featuredmedia":[{"embeddable":true,"href":"https:\/\/kiv-bitburg.de\/index.php?rest_route=\/wp\/v2\/media\/560"}],"wp:attachment":[{"href":"https:\/\/kiv-bitburg.de\/index.php?rest_route=%2Fwp%2Fv2%2Fmedia&parent=889"}],"curies":[{"name":"wp","href":"https:\/\/api.w.org\/{rel}","templated":true}]}}