{"id":2177,"date":"2025-10-31T17:21:39","date_gmt":"2025-10-31T17:21:39","guid":{"rendered":"https:\/\/kiv-bitburg.de\/?page_id=2177"},"modified":"2026-03-18T09:42:21","modified_gmt":"2026-03-18T09:42:21","slug":"vortrag-zur-vespa-velutina","status":"publish","type":"page","link":"https:\/\/kiv-bitburg.de\/?page_id=2177","title":{"rendered":"Vortrag zur <br>Asiatischen Hornisse I."},"content":{"rendered":"<p>Am Mittwoch, dem 29. Oktober 2025 konnten wir Herrn Jonas Frey, 1. Vorsitzender des Velutina-Netzwerk Saar e.V., in Bitburg im Haus der Jugend begr\u00fc\u00dfen.<\/p>\n<p>W\u00e4hrend seines rund zweist\u00fcndigen Vortrages schilderte er eindrucksvoll die Probleme und Gefahren, die bereits aktuell im Saarland durch die Verbreitung der Asiatischen Hornisse auftreten und die uns hier in der Eifel wohl noch bevorstehen.<\/p>\n<p>Die Asiatische Hornisse ist keineswegs ein Problem, welches nur die Imkerschaft betrifft, sondern vielmehr ein gesamtgesellschaftliches Problem, das bei steigender Verbreitung dieser invasiven Art jeden von uns fr\u00fcher oder sp\u00e4ter einholen wird!<\/p>\n<p>Herr Frey hat uns dankenswerter Weise seine Pr\u00e4sentation f\u00fcr die Ver\u00f6ffentlichung zur Verf\u00fcgung gestellt.<br \/>\nWir danken ihm hierf\u00fcr sehr herzlich.<\/p>\n<p>Unter nachstehendem Link l\u00e4sst sich die PDF herunterladen:<\/p>\n<p style=\"text-align: left;\"><strong><a href=\"https:\/\/kiv-bitburg.de\/wp-content\/uploads\/2025\/10\/Praesentation-Bitburg_29-10-25.pdf\" target=\"_blank\" rel=\"noopener\">&gt;&gt;&gt;&gt; <\/a><a href=\"https:\/\/kiv-bitburg.de\/wp-content\/uploads\/2025\/10\/Praesentation-Bitburg_29-10-25.pdf\" target=\"_blank\" rel=\"noopener\">Praesentation-Bitburg_29-10-25 \u00a0 <\/a><a href=\"https:\/\/kiv-bitburg.de\/wp-content\/uploads\/2025\/10\/Praesentation-Bitburg_29-10-25.pdf\"><img loading=\"lazy\" decoding=\"async\" class=\"alignnone wp-image-2223\" src=\"https:\/\/kiv-bitburg.de\/wp-content\/uploads\/2026\/03\/PDF-245x300.png\" alt=\"\" width=\"33\" height=\"40\" \/><\/a><\/strong><\/p>\n<figure id=\"attachment_2182\" aria-describedby=\"caption-attachment-2182\" style=\"width: 300px\" class=\"wp-caption alignleft\"><a href=\"https:\/\/kiv-bitburg.de\/wp-content\/uploads\/2025\/10\/Vortrag_HdJ-scaled.jpg\"><img loading=\"lazy\" decoding=\"async\" class=\"wp-image-2182 size-medium\" src=\"https:\/\/kiv-bitburg.de\/wp-content\/uploads\/2025\/10\/Vortrag_HdJ-300x225.jpg\" alt=\"\" width=\"300\" height=\"225\" srcset=\"https:\/\/kiv-bitburg.de\/wp-content\/uploads\/2025\/10\/Vortrag_HdJ-300x225.jpg 300w, https:\/\/kiv-bitburg.de\/wp-content\/uploads\/2025\/10\/Vortrag_HdJ-1024x768.jpg 1024w, https:\/\/kiv-bitburg.de\/wp-content\/uploads\/2025\/10\/Vortrag_HdJ-768x576.jpg 768w, https:\/\/kiv-bitburg.de\/wp-content\/uploads\/2025\/10\/Vortrag_HdJ-1536x1152.jpg 1536w, https:\/\/kiv-bitburg.de\/wp-content\/uploads\/2025\/10\/Vortrag_HdJ-2048x1536.jpg 2048w, https:\/\/kiv-bitburg.de\/wp-content\/uploads\/2025\/10\/Vortrag_HdJ-400x300.jpg 400w\" sizes=\"auto, (max-width: 300px) 100vw, 300px\" \/><\/a><figcaption id=\"caption-attachment-2182\" class=\"wp-caption-text\">Blick in den Saal des Hauses der Jugend, Bitburg<\/figcaption><\/figure>\n<div class=\"pvc_clear\"><\/div>\n<p id=\"pvc_stats_2177\" class=\"pvc_stats all  \" data-element-id=\"2177\" style=\"\"><i class=\"pvc-stats-icon medium\" aria-hidden=\"true\"><svg aria-hidden=\"true\" focusable=\"false\" data-prefix=\"far\" data-icon=\"chart-bar\" role=\"img\" xmlns=\"http:\/\/www.w3.org\/2000\/svg\" viewBox=\"0 0 512 512\" class=\"svg-inline--fa fa-chart-bar fa-w-16 fa-2x\"><path fill=\"currentColor\" d=\"M396.8 352h22.4c6.4 0 12.8-6.4 12.8-12.8V108.8c0-6.4-6.4-12.8-12.8-12.8h-22.4c-6.4 0-12.8 6.4-12.8 12.8v230.4c0 6.4 6.4 12.8 12.8 12.8zm-192 0h22.4c6.4 0 12.8-6.4 12.8-12.8V140.8c0-6.4-6.4-12.8-12.8-12.8h-22.4c-6.4 0-12.8 6.4-12.8 12.8v198.4c0 6.4 6.4 12.8 12.8 12.8zm96 0h22.4c6.4 0 12.8-6.4 12.8-12.8V204.8c0-6.4-6.4-12.8-12.8-12.8h-22.4c-6.4 0-12.8 6.4-12.8 12.8v134.4c0 6.4 6.4 12.8 12.8 12.8zM496 400H48V80c0-8.84-7.16-16-16-16H16C7.16 64 0 71.16 0 80v336c0 17.67 14.33 32 32 32h464c8.84 0 16-7.16 16-16v-16c0-8.84-7.16-16-16-16zm-387.2-48h22.4c6.4 0 12.8-6.4 12.8-12.8v-70.4c0-6.4-6.4-12.8-12.8-12.8h-22.4c-6.4 0-12.8 6.4-12.8 12.8v70.4c0 6.4 6.4 12.8 12.8 12.8z\" class=\"\"><\/path><\/svg><\/i> <img loading=\"lazy\" decoding=\"async\" width=\"16\" height=\"16\" alt=\"Loading\" src=\"https:\/\/kiv-bitburg.de\/wp-content\/plugins\/page-views-count\/ajax-loader-2x.gif\" border=0 \/><\/p>\n<div class=\"pvc_clear\"><\/div>\n ","protected":false},"excerpt":{"rendered":"<p>Am Mittwoch, dem 29. Oktober 2025 konnten wir Herrn Jonas Frey, 1. Vorsitzender des Velutina-Netzwerk Saar e.V., in Bitburg im Haus der Jugend begr\u00fc\u00dfen. W\u00e4hrend seines rund zweist\u00fcndigen Vortrages schilderte er eindrucksvoll die Probleme und Gefahren, die bereits aktuell im Saarland durch die Verbreitung der Asiatischen Hornisse auftreten und die uns hier in der Eifel [&hellip;]<\/p>\n<div class=\"pvc_clear\"><\/div>\n<p id=\"pvc_stats_2177\" class=\"pvc_stats all  \" data-element-id=\"2177\" style=\"\"><i class=\"pvc-stats-icon medium\" aria-hidden=\"true\"><svg aria-hidden=\"true\" focusable=\"false\" data-prefix=\"far\" data-icon=\"chart-bar\" role=\"img\" xmlns=\"http:\/\/www.w3.org\/2000\/svg\" viewBox=\"0 0 512 512\" class=\"svg-inline--fa fa-chart-bar fa-w-16 fa-2x\"><path fill=\"currentColor\" d=\"M396.8 352h22.4c6.4 0 12.8-6.4 12.8-12.8V108.8c0-6.4-6.4-12.8-12.8-12.8h-22.4c-6.4 0-12.8 6.4-12.8 12.8v230.4c0 6.4 6.4 12.8 12.8 12.8zm-192 0h22.4c6.4 0 12.8-6.4 12.8-12.8V140.8c0-6.4-6.4-12.8-12.8-12.8h-22.4c-6.4 0-12.8 6.4-12.8 12.8v198.4c0 6.4 6.4 12.8 12.8 12.8zm96 0h22.4c6.4 0 12.8-6.4 12.8-12.8V204.8c0-6.4-6.4-12.8-12.8-12.8h-22.4c-6.4 0-12.8 6.4-12.8 12.8v134.4c0 6.4 6.4 12.8 12.8 12.8zM496 400H48V80c0-8.84-7.16-16-16-16H16C7.16 64 0 71.16 0 80v336c0 17.67 14.33 32 32 32h464c8.84 0 16-7.16 16-16v-16c0-8.84-7.16-16-16-16zm-387.2-48h22.4c6.4 0 12.8-6.4 12.8-12.8v-70.4c0-6.4-6.4-12.8-12.8-12.8h-22.4c-6.4 0-12.8 6.4-12.8 12.8v70.4c0 6.4 6.4 12.8 12.8 12.8z\" class=\"\"><\/path><\/svg><\/i> <img loading=\"lazy\" decoding=\"async\" width=\"16\" height=\"16\" alt=\"Loading\" src=\"https:\/\/kiv-bitburg.de\/wp-content\/plugins\/page-views-count\/ajax-loader-2x.gif\" border=0 \/><\/p>\n<div class=\"pvc_clear\"><\/div>\n","protected":false},"author":1,"featured_media":0,"parent":375,"menu_order":0,"comment_status":"closed","ping_status":"closed","template":"","meta":{"footnotes":""},"class_list":["post-2177","page","type-page","status-publish","hentry"],"publishpress_future_action":{"enabled":false,"date":"2026-04-27 03:20:09","action":"change-status","newStatus":"draft","terms":[],"taxonomy":"","extraData":[]},"publishpress_future_workflow_manual_trigger":{"enabledWorkflows":[]},"_links":{"self":[{"href":"https:\/\/kiv-bitburg.de\/index.php?rest_route=\/wp\/v2\/pages\/2177","targetHints":{"allow":["GET"]}}],"collection":[{"href":"https:\/\/kiv-bitburg.de\/index.php?rest_route=\/wp\/v2\/pages"}],"about":[{"href":"https:\/\/kiv-bitburg.de\/index.php?rest_route=\/wp\/v2\/types\/page"}],"author":[{"embeddable":true,"href":"https:\/\/kiv-bitburg.de\/index.php?rest_route=\/wp\/v2\/users\/1"}],"replies":[{"embeddable":true,"href":"https:\/\/kiv-bitburg.de\/index.php?rest_route=%2Fwp%2Fv2%2Fcomments&post=2177"}],"version-history":[{"count":19,"href":"https:\/\/kiv-bitburg.de\/index.php?rest_route=\/wp\/v2\/pages\/2177\/revisions"}],"predecessor-version":[{"id":2228,"href":"https:\/\/kiv-bitburg.de\/index.php?rest_route=\/wp\/v2\/pages\/2177\/revisions\/2228"}],"up":[{"embeddable":true,"href":"https:\/\/kiv-bitburg.de\/index.php?rest_route=\/wp\/v2\/pages\/375"}],"wp:attachment":[{"href":"https:\/\/kiv-bitburg.de\/index.php?rest_route=%2Fwp%2Fv2%2Fmedia&parent=2177"}],"curies":[{"name":"wp","href":"https:\/\/api.w.org\/{rel}","templated":true}]}}