{"id":1298,"date":"2019-10-02T17:21:20","date_gmt":"2019-10-02T17:21:20","guid":{"rendered":"https:\/\/kiv-bitburg.de\/?page_id=1298"},"modified":"2019-10-02T17:34:58","modified_gmt":"2019-10-02T17:34:58","slug":"neue-bienenseuchensachverstaendige-fuer-den-eifelkreis","status":"publish","type":"page","link":"https:\/\/kiv-bitburg.de\/?page_id=1298","title":{"rendered":"Neue Bienenseuchen-Sachverst\u00e4ndige f\u00fcr den Eifelkreis"},"content":{"rendered":"<p>Am 27.09.2019 wurden sieben neue Bienenseuchensachverst\u00e4ndige f\u00fcr den Eifelkreis Bitburg-Pr\u00fcm bestellt. Herr Amtsleiter Rudolf Heck hob die Wichtigkeit des Ehrenamtes gerade in Zeiten der Amerikanischen Faulbrut hervor. Denn die Bienenseuchensachverst\u00e4ndigen werden zur Unterst\u00fctzung der Amtstier\u00e4rzte bei der Prophylaxe von Bienenseuchen, deren Ermittlung und der Durchf\u00fchrung von Bek\u00e4mpfungsma\u00dfnahmen herangezogen. Ferner unterst\u00fctzen die Bienenseuchensachverst\u00e4ndige die Bienenhalter bei der gesundheitlichen Betreuung ihrer V\u00f6lker. Ihre Amtszeit betr\u00e4gt f\u00fcnf Jahre. Direkter Ansprechpartner f\u00fcr die Bienenseuchensachverst\u00e4ndige ist der f\u00fcr die Tierseuchenbek\u00e4mpfung zust\u00e4ndige Amtstierarzt Herr Dr. Florian Pfannenschmidt.<\/p>\n<p>Als Bienenseuchensachverst\u00e4ndige wurden bestellt: Peter&nbsp;Berger aus Bitburg; Alain Diederich aus Echternacherbr\u00fcck; Markus&nbsp;Fohn aus Pr\u00fcm; Ralf&nbsp;Klasen aus Dahlem; Birgit Theisen aus Bitburg; Werner Petry aus Irrhausen und Sebastian&nbsp;Weinand aus Bitburg.<\/p>\n<p>Als Ansprechpartner des Veterin\u00e4ramtes f\u00fcr Bienenseuchen stehen Herr Dr. Florian Pfannenschmidt (Tel.: 06561\/15-3300), Herr Sebastian Weinand (Tel.: 06561\/15-3021) und Herr Thomas Stoll (Tel.: 06561\/15-3331), E-Mail: <a href=\"mailto:veterinaeramt@bitburg-pruem.de\">veterinaeramt@bitburg-pruem.de<\/a>, gerne zur Verf\u00fcgung.<\/p>\n<p>Antragsformulare zwecks Anmeldung von Bienenv\u00f6lkern finden Sie unter <a href=\"http:\/\/www.bitburg-pruem.de\" target=\"_blank\" rel=\"noopener noreferrer\">www.bitburg-pruem.de<\/a>.<\/p>\n<p>Gerne stellen wir Ihnen einen Kontakt zu den Bienenseuchensachverst\u00e4ndigen her.<\/p>\n<p><a href=\"https:\/\/kiv-bitburg.de\/wp-content\/uploads\/2019\/10\/BSV-S.jpg\"><img loading=\"lazy\" decoding=\"async\" class=\"alignnone wp-image-1297 size-medium\" src=\"https:\/\/kiv-bitburg.de\/wp-content\/uploads\/2019\/10\/BSV-S-300x295.jpg\" alt=\"\" width=\"300\" height=\"295\" srcset=\"https:\/\/kiv-bitburg.de\/wp-content\/uploads\/2019\/10\/BSV-S-300x295.jpg 300w, https:\/\/kiv-bitburg.de\/wp-content\/uploads\/2019\/10\/BSV-S-768x755.jpg 768w, https:\/\/kiv-bitburg.de\/wp-content\/uploads\/2019\/10\/BSV-S-1024x1007.jpg 1024w, https:\/\/kiv-bitburg.de\/wp-content\/uploads\/2019\/10\/BSV-S-400x393.jpg 400w, https:\/\/kiv-bitburg.de\/wp-content\/uploads\/2019\/10\/BSV-S.jpg 1041w\" sizes=\"auto, (max-width: 300px) 100vw, 300px\" \/><\/a><\/p>\n<div class=\"pvc_clear\"><\/div>\n<p id=\"pvc_stats_1298\" class=\"pvc_stats all  \" data-element-id=\"1298\" style=\"\"><i class=\"pvc-stats-icon medium\" aria-hidden=\"true\"><svg aria-hidden=\"true\" focusable=\"false\" data-prefix=\"far\" data-icon=\"chart-bar\" role=\"img\" xmlns=\"http:\/\/www.w3.org\/2000\/svg\" viewBox=\"0 0 512 512\" class=\"svg-inline--fa fa-chart-bar fa-w-16 fa-2x\"><path fill=\"currentColor\" d=\"M396.8 352h22.4c6.4 0 12.8-6.4 12.8-12.8V108.8c0-6.4-6.4-12.8-12.8-12.8h-22.4c-6.4 0-12.8 6.4-12.8 12.8v230.4c0 6.4 6.4 12.8 12.8 12.8zm-192 0h22.4c6.4 0 12.8-6.4 12.8-12.8V140.8c0-6.4-6.4-12.8-12.8-12.8h-22.4c-6.4 0-12.8 6.4-12.8 12.8v198.4c0 6.4 6.4 12.8 12.8 12.8zm96 0h22.4c6.4 0 12.8-6.4 12.8-12.8V204.8c0-6.4-6.4-12.8-12.8-12.8h-22.4c-6.4 0-12.8 6.4-12.8 12.8v134.4c0 6.4 6.4 12.8 12.8 12.8zM496 400H48V80c0-8.84-7.16-16-16-16H16C7.16 64 0 71.16 0 80v336c0 17.67 14.33 32 32 32h464c8.84 0 16-7.16 16-16v-16c0-8.84-7.16-16-16-16zm-387.2-48h22.4c6.4 0 12.8-6.4 12.8-12.8v-70.4c0-6.4-6.4-12.8-12.8-12.8h-22.4c-6.4 0-12.8 6.4-12.8 12.8v70.4c0 6.4 6.4 12.8 12.8 12.8z\" class=\"\"><\/path><\/svg><\/i> <img loading=\"lazy\" decoding=\"async\" width=\"16\" height=\"16\" alt=\"Loading\" src=\"https:\/\/kiv-bitburg.de\/wp-content\/plugins\/page-views-count\/ajax-loader-2x.gif\" border=0 \/><\/p>\n<div class=\"pvc_clear\"><\/div>\n ","protected":false},"excerpt":{"rendered":"<p>Am 27.09.2019 wurden sieben neue Bienenseuchensachverst\u00e4ndige f\u00fcr den Eifelkreis Bitburg-Pr\u00fcm bestellt. Herr Amtsleiter Rudolf Heck hob die Wichtigkeit des Ehrenamtes gerade in Zeiten der Amerikanischen Faulbrut hervor. Denn die Bienenseuchensachverst\u00e4ndigen werden zur Unterst\u00fctzung der Amtstier\u00e4rzte bei der Prophylaxe von Bienenseuchen, deren Ermittlung und der Durchf\u00fchrung von Bek\u00e4mpfungsma\u00dfnahmen herangezogen. Ferner unterst\u00fctzen die Bienenseuchensachverst\u00e4ndige die Bienenhalter bei [&hellip;]<\/p>\n<div class=\"pvc_clear\"><\/div>\n<p id=\"pvc_stats_1298\" class=\"pvc_stats all  \" data-element-id=\"1298\" style=\"\"><i class=\"pvc-stats-icon medium\" aria-hidden=\"true\"><svg aria-hidden=\"true\" focusable=\"false\" data-prefix=\"far\" data-icon=\"chart-bar\" role=\"img\" xmlns=\"http:\/\/www.w3.org\/2000\/svg\" viewBox=\"0 0 512 512\" class=\"svg-inline--fa fa-chart-bar fa-w-16 fa-2x\"><path fill=\"currentColor\" d=\"M396.8 352h22.4c6.4 0 12.8-6.4 12.8-12.8V108.8c0-6.4-6.4-12.8-12.8-12.8h-22.4c-6.4 0-12.8 6.4-12.8 12.8v230.4c0 6.4 6.4 12.8 12.8 12.8zm-192 0h22.4c6.4 0 12.8-6.4 12.8-12.8V140.8c0-6.4-6.4-12.8-12.8-12.8h-22.4c-6.4 0-12.8 6.4-12.8 12.8v198.4c0 6.4 6.4 12.8 12.8 12.8zm96 0h22.4c6.4 0 12.8-6.4 12.8-12.8V204.8c0-6.4-6.4-12.8-12.8-12.8h-22.4c-6.4 0-12.8 6.4-12.8 12.8v134.4c0 6.4 6.4 12.8 12.8 12.8zM496 400H48V80c0-8.84-7.16-16-16-16H16C7.16 64 0 71.16 0 80v336c0 17.67 14.33 32 32 32h464c8.84 0 16-7.16 16-16v-16c0-8.84-7.16-16-16-16zm-387.2-48h22.4c6.4 0 12.8-6.4 12.8-12.8v-70.4c0-6.4-6.4-12.8-12.8-12.8h-22.4c-6.4 0-12.8 6.4-12.8 12.8v70.4c0 6.4 6.4 12.8 12.8 12.8z\" class=\"\"><\/path><\/svg><\/i> <img loading=\"lazy\" decoding=\"async\" width=\"16\" height=\"16\" alt=\"Loading\" src=\"https:\/\/kiv-bitburg.de\/wp-content\/plugins\/page-views-count\/ajax-loader-2x.gif\" border=0 \/><\/p>\n<div class=\"pvc_clear\"><\/div>\n","protected":false},"author":1,"featured_media":550,"parent":59,"menu_order":0,"comment_status":"closed","ping_status":"closed","template":"","meta":{"footnotes":""},"class_list":["post-1298","page","type-page","status-publish","has-post-thumbnail","hentry"],"publishpress_future_action":{"enabled":false,"date":"2026-04-14 11:26:27","action":"change-status","newStatus":"draft","terms":[],"taxonomy":"","extraData":[]},"publishpress_future_workflow_manual_trigger":{"enabledWorkflows":[]},"_links":{"self":[{"href":"https:\/\/kiv-bitburg.de\/index.php?rest_route=\/wp\/v2\/pages\/1298","targetHints":{"allow":["GET"]}}],"collection":[{"href":"https:\/\/kiv-bitburg.de\/index.php?rest_route=\/wp\/v2\/pages"}],"about":[{"href":"https:\/\/kiv-bitburg.de\/index.php?rest_route=\/wp\/v2\/types\/page"}],"author":[{"embeddable":true,"href":"https:\/\/kiv-bitburg.de\/index.php?rest_route=\/wp\/v2\/users\/1"}],"replies":[{"embeddable":true,"href":"https:\/\/kiv-bitburg.de\/index.php?rest_route=%2Fwp%2Fv2%2Fcomments&post=1298"}],"version-history":[{"count":7,"href":"https:\/\/kiv-bitburg.de\/index.php?rest_route=\/wp\/v2\/pages\/1298\/revisions"}],"predecessor-version":[{"id":1306,"href":"https:\/\/kiv-bitburg.de\/index.php?rest_route=\/wp\/v2\/pages\/1298\/revisions\/1306"}],"up":[{"embeddable":true,"href":"https:\/\/kiv-bitburg.de\/index.php?rest_route=\/wp\/v2\/pages\/59"}],"wp:featuredmedia":[{"embeddable":true,"href":"https:\/\/kiv-bitburg.de\/index.php?rest_route=\/wp\/v2\/media\/550"}],"wp:attachment":[{"href":"https:\/\/kiv-bitburg.de\/index.php?rest_route=%2Fwp%2Fv2%2Fmedia&parent=1298"}],"curies":[{"name":"wp","href":"https:\/\/api.w.org\/{rel}","templated":true}]}}